{"id":1020,"date":"2020-09-17T22:52:12","date_gmt":"2020-09-18T01:52:12","guid":{"rendered":"https:\/\/ieslaboulaye-cba.infd.edu.ar\/sitio\/?page_id=1020"},"modified":"2020-09-17T22:52:12","modified_gmt":"2020-09-18T01:52:12","slug":"convocatoria-para-cubrir-el-espacio-curricular-deporte-colectivo-v-softbol-suplencia","status":"publish","type":"page","link":"https:\/\/ieslaboulaye-cba.infd.edu.ar\/sitio\/convocatoria-para-cubrir-el-espacio-curricular-deporte-colectivo-v-softbol-suplencia\/","title":{"rendered":"Convocatoria para cubrir el espacio curricular: Deporte Colectivo V (S\u00f3ftbol) &#8211; Suplencia"},"content":{"rendered":"<p>\u2022\u00a0\u00a0\u00a0\u00a0\u00a0\u00a0Carrera: Profesorado de Educaci\u00f3n F\u00edsica<br \/>\n\u2022\u00a0\u00a0\u00a0\u00a0\u00a0\u00a0Espacio curricular: Deporte Colectivo V (S\u00f3ftbol) A-79197<br \/>\n\u2022\u00a0\u00a0\u00a0\u00a0\u00a0\u00a0Car\u00e1cter: Suplente<br \/>\n\u2022\u00a0\u00a0\u00a0\u00a0\u00a0\u00a0Curso\/Divisi\u00f3n: 4 A\u00f1o Divisi\u00f3n \u00danica<br \/>\n\u2022\u00a0\u00a0\u00a0\u00a0\u00a0\u00a0Carga horaria: 2 Hs. c\u00e1t.<br \/>\n\u2022\u00a0\u00a0\u00a0\u00a0\u00a0\u00a0D\u00edas y horario de desempe\u00f1o: Viernes de 18:35 hs a 19:15 hs &#8211; 19:15 hs a 19:55 hs<br \/>\n\u2022\u00a0\u00a0\u00a0\u00a0\u00a0\u00a0Causal de la vacante: Licencia por largo tratamiento<\/p>\n<p>Plazo de publicaci\u00f3n:\u00a0Desde 18\/09\/2020 hasta 22\/09\/2020<\/p>\n<p>Correo Electr\u00f3nico(al que los aspirantes enviar\u00e1n la Documentaci\u00f3n) \u00a0 ieseduardolefebvre@gmail.com<\/p>\n<p>Informaci\u00f3n complementaria:<br \/>\n<a href=\"https:\/\/ieslaboulaye-cba.infd.edu.ar\/sitio\/wp-content\/uploads\/2020\/09\/Orientaciones-y-criterios-para-valoraci\u00f3n-del-proyecto-de-abordaje-del-espacio-curricular-que-contemple-virtualidad-en-el-marco-de-la-RM-194.pdf\">Orientaciones y criterios para valoraci\u00f3n del proyecto de abordaje del espacio curricular que contemple virtualidad en el marco de la RM 194<\/a><\/p>\n","protected":false},"excerpt":{"rendered":"<p>\u2022\u00a0\u00a0\u00a0\u00a0\u00a0\u00a0Carrera: Profesorado de Educaci\u00f3n F\u00edsica \u2022\u00a0\u00a0\u00a0\u00a0\u00a0\u00a0Espacio curricular: Deporte Colectivo V (S\u00f3ftbol) A-79197 \u2022\u00a0\u00a0\u00a0\u00a0\u00a0\u00a0Car\u00e1cter: Suplente \u2022\u00a0\u00a0\u00a0\u00a0\u00a0\u00a0Curso\/Divisi\u00f3n: 4 A\u00f1o Divisi\u00f3n \u00danica \u2022\u00a0\u00a0\u00a0\u00a0\u00a0\u00a0Carga horaria: 2 Hs. c\u00e1t. \u2022\u00a0\u00a0\u00a0\u00a0\u00a0\u00a0D\u00edas y horario de desempe\u00f1o: Viernes de 18:35 hs a 19:15 hs &#8211; 19:15 hs a 19:55 hs \u2022\u00a0\u00a0\u00a0\u00a0\u00a0\u00a0Causal de la vacante: Licencia por largo tratamiento Plazo de publicaci\u00f3n:\u00a0Desde 18\/09\/2020 hasta &#8230; <a title=\"Convocatoria para cubrir el espacio curricular: Deporte Colectivo V (S\u00f3ftbol) &#8211; Suplencia\" class=\"read-more\" href=\"https:\/\/ieslaboulaye-cba.infd.edu.ar\/sitio\/convocatoria-para-cubrir-el-espacio-curricular-deporte-colectivo-v-softbol-suplencia\/\" aria-label=\"More on Convocatoria para cubrir el espacio curricular: Deporte Colectivo V (S\u00f3ftbol) &#8211; Suplencia\">[+]<\/a><\/p>\n","protected":false},"author":120,"featured_media":0,"parent":0,"menu_order":0,"comment_status":"closed","ping_status":"closed","template":"","meta":[],"acf":[],"_links":{"self":[{"href":"https:\/\/ieslaboulaye-cba.infd.edu.ar\/sitio\/wp-json\/wp\/v2\/pages\/1020"}],"collection":[{"href":"https:\/\/ieslaboulaye-cba.infd.edu.ar\/sitio\/wp-json\/wp\/v2\/pages"}],"about":[{"href":"https:\/\/ieslaboulaye-cba.infd.edu.ar\/sitio\/wp-json\/wp\/v2\/types\/page"}],"author":[{"embeddable":true,"href":"https:\/\/ieslaboulaye-cba.infd.edu.ar\/sitio\/wp-json\/wp\/v2\/users\/120"}],"replies":[{"embeddable":true,"href":"https:\/\/ieslaboulaye-cba.infd.edu.ar\/sitio\/wp-json\/wp\/v2\/comments?post=1020"}],"version-history":[{"count":3,"href":"https:\/\/ieslaboulaye-cba.infd.edu.ar\/sitio\/wp-json\/wp\/v2\/pages\/1020\/revisions"}],"predecessor-version":[{"id":1024,"href":"https:\/\/ieslaboulaye-cba.infd.edu.ar\/sitio\/wp-json\/wp\/v2\/pages\/1020\/revisions\/1024"}],"wp:attachment":[{"href":"https:\/\/ieslaboulaye-cba.infd.edu.ar\/sitio\/wp-json\/wp\/v2\/media?parent=1020"}],"curies":[{"name":"wp","href":"https:\/\/api.w.org\/{rel}","templated":true}]}}

Convocatoria para cubrir el espacio curricular: Deporte Colectivo V (Sóftbol) &#8211; Suplencia

<p>•      Carrera: Profesorado de Educación Física<br />
•      Espacio curricular: Deporte Colectivo V (Sóftbol) A-79197<br />
•      Carácter: Suplente<br />
•      Curso/División: 4 Año División Única<br />
•      Carga horaria: 2 Hs. cát.<br />
•      Días y horario de desempeño: Viernes de 18:35 hs a 19:15 hs &#8211; 19:15 hs a 19:55 hs<br />
•      Causal de la vacante: Licencia por largo tratamiento</p>
<p>Plazo de publicación: Desde 18/09/2020 hasta 22/09/2020</p>
<p>Correo Electrónico(al que los aspirantes enviarán la Documentación)   ieseduardolefebvre@gmail.com</p>
<p>Información complementaria:<br />
<a href="https://ieslaboulaye-cba.infd.edu.ar/sitio/wp-content/uploads/2020/09/Orientaciones-y-criterios-para-valoración-del-proyecto-de-abordaje-del-espacio-curricular-que-contemple-virtualidad-en-el-marco-de-la-RM-194.pdf">Orientaciones y criterios para valoración del proyecto de abordaje del espacio curricular que contemple virtualidad en el marco de la RM 194</a></p>

<p>•      Carrera: Profesorado de Educación Física •      Espacio curricular: Deporte Colectivo V (Sóftbol) A-79197 •      Carácter: Suplente •      Curso/División: 4 Año División Única •      Carga horaria: 2 Hs. cát. •      Días y horario de desempeño: Viernes de 18:35 hs a 19:15 hs &#8211; 19:15 hs a 19:55 hs •      Causal de la vacante: Licencia por largo tratamiento Plazo de publicación: Desde 18/09/2020 hasta &#8230; <a title="Convocatoria para cubrir el espacio curricular: Deporte Colectivo V (Sóftbol) &#8211; Suplencia" class="read-more" href="https://ieslaboulaye-cba.infd.edu.ar/sitio/convocatoria-para-cubrir-el-espacio-curricular-deporte-colectivo-v-softbol-suplencia/" aria-label="More on Convocatoria para cubrir el espacio curricular: Deporte Colectivo V (Sóftbol) &#8211; Suplencia">[+]</a></p>
