{"id":803,"date":"2018-08-30T12:19:13","date_gmt":"2018-08-30T15:19:13","guid":{"rendered":"https:\/\/ieslaboulaye-cba.infd.edu.ar\/sitio\/autoridades\/"},"modified":"2023-08-22T23:16:01","modified_gmt":"2023-08-23T02:16:01","slug":"autoridades","status":"publish","type":"page","link":"https:\/\/ieslaboulaye-cba.infd.edu.ar\/sitio\/autoridades\/","title":{"rendered":"Autoridades y equipo institucional"},"content":{"rendered":"<p><strong>DIRECTOR: Prof. FEDERICO PIERDOMINICI<\/strong><\/p>\n<p><strong>REGENTE: Lic.. en Psicol. CARINA CABARERO<\/strong><\/p>\n<p><strong>SECRETARIA: Prof. PATRICIA COMETTO<\/strong><\/p>\n<p><strong>PRO SECRETARIA: Prof. MARCELO SIARINI<\/strong><\/p>\n<p><strong>COORDINADOR DE ENSE\u00d1ANZA SUPERIOR: Prof. EBER BONETTO<\/strong><\/p>\n<p><strong>BIBLIOTECARIA: Prof. NADINA ANDERS<\/strong><\/p>\n<p><strong>PRECEPTORES: Prof. MAR\u00cdA DE LOS \u00c1NGELES ZIADI &#8211;\u00a0 Prof. VANESA CABRAL<\/strong><\/p>\n<h4><\/h4>\n<p><span style=\"font-size: small; color: #000000; font-family: Arial;\"><strong>\u00a0<\/strong><\/span><\/p>\n","protected":false},"excerpt":{"rendered":"<p>DIRECTOR: Prof. FEDERICO PIERDOMINICI REGENTE: Lic.. en Psicol. CARINA CABARERO SECRETARIA: Prof. PATRICIA COMETTO PRO SECRETARIA: Prof. MARCELO SIARINI COORDINADOR DE ENSE\u00d1ANZA SUPERIOR: Prof. EBER BONETTO BIBLIOTECARIA: Prof. NADINA ANDERS PRECEPTORES: Prof. MAR\u00cdA DE LOS \u00c1NGELES ZIADI &#8211;\u00a0 Prof. VANESA CABRAL \u00a0<\/p>\n","protected":false},"author":11,"featured_media":0,"parent":0,"menu_order":0,"comment_status":"closed","ping_status":"closed","template":"","meta":[],"acf":[],"_links":{"self":[{"href":"https:\/\/ieslaboulaye-cba.infd.edu.ar\/sitio\/wp-json\/wp\/v2\/pages\/803"}],"collection":[{"href":"https:\/\/ieslaboulaye-cba.infd.edu.ar\/sitio\/wp-json\/wp\/v2\/pages"}],"about":[{"href":"https:\/\/ieslaboulaye-cba.infd.edu.ar\/sitio\/wp-json\/wp\/v2\/types\/page"}],"author":[{"embeddable":true,"href":"https:\/\/ieslaboulaye-cba.infd.edu.ar\/sitio\/wp-json\/wp\/v2\/users\/11"}],"replies":[{"embeddable":true,"href":"https:\/\/ieslaboulaye-cba.infd.edu.ar\/sitio\/wp-json\/wp\/v2\/comments?post=803"}],"version-history":[{"count":7,"href":"https:\/\/ieslaboulaye-cba.infd.edu.ar\/sitio\/wp-json\/wp\/v2\/pages\/803\/revisions"}],"predecessor-version":[{"id":1120,"href":"https:\/\/ieslaboulaye-cba.infd.edu.ar\/sitio\/wp-json\/wp\/v2\/pages\/803\/revisions\/1120"}],"wp:attachment":[{"href":"https:\/\/ieslaboulaye-cba.infd.edu.ar\/sitio\/wp-json\/wp\/v2\/media?parent=803"}],"curies":[{"name":"wp","href":"https:\/\/api.w.org\/{rel}","templated":true}]}}

<p><strong>DIRECTOR: Prof. FEDERICO PIERDOMINICI</strong></p>
<p><strong>REGENTE: Lic.. en Psicol. CARINA CABARERO</strong></p>
<p><strong>SECRETARIA: Prof. PATRICIA COMETTO</strong></p>
<p><strong>PRO SECRETARIA: Prof. MARCELO SIARINI</strong></p>
<p><strong>COORDINADOR DE ENSEÑANZA SUPERIOR: Prof. EBER BONETTO</strong></p>
<p><strong>BIBLIOTECARIA: Prof. NADINA ANDERS</strong></p>
<p><strong>PRECEPTORES: Prof. MARÍA DE LOS ÁNGELES ZIADI &#8211;  Prof. VANESA CABRAL</strong></p>
<h4></h4>
<p><span style="font-size: small; color: #000000; font-family: Arial;"><strong> </strong></span></p>

<p>DIRECTOR: Prof. FEDERICO PIERDOMINICI REGENTE: Lic.. en Psicol. CARINA CABARERO SECRETARIA: Prof. PATRICIA COMETTO PRO SECRETARIA: Prof. MARCELO SIARINI COORDINADOR DE ENSEÑANZA SUPERIOR: Prof. EBER BONETTO BIBLIOTECARIA: Prof. NADINA ANDERS PRECEPTORES: Prof. MARÍA DE LOS ÁNGELES ZIADI &#8211;  Prof. VANESA CABRAL  </p>
