{"id":865,"date":"2018-09-14T20:46:03","date_gmt":"2018-09-14T23:46:03","guid":{"rendered":"https:\/\/ieslaboulaye-cba.infd.edu.ar\/sitio\/?page_id=865"},"modified":"2018-09-18T21:39:37","modified_gmt":"2018-09-19T00:39:37","slug":"nomina-de-docentes","status":"publish","type":"page","link":"https:\/\/ieslaboulaye-cba.infd.edu.ar\/sitio\/nomina-de-docentes\/","title":{"rendered":"N\u00f3mina de Docentes"},"content":{"rendered":"<p>Aqu\u00ed podr\u00e1 descargar archivo en formato Excel<\/p>\n<p><a href=\"https:\/\/ieslaboulaye-cba.infd.edu.ar\/sitio\/wp-content\/uploads\/2018\/09\/N\u00f3mina-Docentes-Sept.-2018-1.xlsx\">N\u00f3mina Docentes Sept. 2018<\/a><\/p>\n","protected":false},"excerpt":{"rendered":"<p>Aqu\u00ed podr\u00e1 descargar archivo en formato Excel N\u00f3mina Docentes Sept. 2018<\/p>\n","protected":false},"author":120,"featured_media":0,"parent":0,"menu_order":0,"comment_status":"closed","ping_status":"closed","template":"","meta":[],"acf":[],"_links":{"self":[{"href":"https:\/\/ieslaboulaye-cba.infd.edu.ar\/sitio\/wp-json\/wp\/v2\/pages\/865"}],"collection":[{"href":"https:\/\/ieslaboulaye-cba.infd.edu.ar\/sitio\/wp-json\/wp\/v2\/pages"}],"about":[{"href":"https:\/\/ieslaboulaye-cba.infd.edu.ar\/sitio\/wp-json\/wp\/v2\/types\/page"}],"author":[{"embeddable":true,"href":"https:\/\/ieslaboulaye-cba.infd.edu.ar\/sitio\/wp-json\/wp\/v2\/users\/120"}],"replies":[{"embeddable":true,"href":"https:\/\/ieslaboulaye-cba.infd.edu.ar\/sitio\/wp-json\/wp\/v2\/comments?post=865"}],"version-history":[{"count":5,"href":"https:\/\/ieslaboulaye-cba.infd.edu.ar\/sitio\/wp-json\/wp\/v2\/pages\/865\/revisions"}],"predecessor-version":[{"id":930,"href":"https:\/\/ieslaboulaye-cba.infd.edu.ar\/sitio\/wp-json\/wp\/v2\/pages\/865\/revisions\/930"}],"wp:attachment":[{"href":"https:\/\/ieslaboulaye-cba.infd.edu.ar\/sitio\/wp-json\/wp\/v2\/media?parent=865"}],"curies":[{"name":"wp","href":"https:\/\/api.w.org\/{rel}","templated":true}]}}

Nómina de Docentes

<p>Aquí podrá descargar archivo en formato Excel</p>
<p><a href="https://ieslaboulaye-cba.infd.edu.ar/sitio/wp-content/uploads/2018/09/Nómina-Docentes-Sept.-2018-1.xlsx">Nómina Docentes Sept. 2018</a></p>

<p>Aquí podrá descargar archivo en formato Excel Nómina Docentes Sept. 2018</p>
